{"id":8180,"date":"2023-07-26T07:58:23","date_gmt":"2023-07-26T07:58:23","guid":{"rendered":"https:\/\/enforce-project.eu\/practices\/belene-the-revival-of-the-bulgarian-concentration-camp"},"modified":"2024-03-15T10:03:34","modified_gmt":"2024-03-15T10:03:34","slug":"belene-le-renouveau-du-camp","status":"publish","type":"practices","link":"https:\/\/enforce-project.eu\/fr\/practices\/belene-le-renouveau-du-camp","title":{"rendered":"B\u00e9l\u00e9n\u00e9 &#8211; le renouveau du camp"},"content":{"rendered":"","protected":false},"template":"","class_list":["post-8180","practices","type-practices","status-publish","hentry"],"_links":{"self":[{"href":"https:\/\/enforce-project.eu\/fr\/wp-json\/wp\/v2\/practices\/8180","targetHints":{"allow":["GET"]}}],"collection":[{"href":"https:\/\/enforce-project.eu\/fr\/wp-json\/wp\/v2\/practices"}],"about":[{"href":"https:\/\/enforce-project.eu\/fr\/wp-json\/wp\/v2\/types\/practices"}],"wp:attachment":[{"href":"https:\/\/enforce-project.eu\/fr\/wp-json\/wp\/v2\/media?parent=8180"}],"curies":[{"name":"wp","href":"https:\/\/api.w.org\/{rel}","templated":true}]}}

Béléné &#8211; le renouveau du camp
